 + 16*i**2 - 57*i - 38. Determine n(10).
-8
Let q(i) = i**2 - 12*i - 45. What is q(15)?
0
Let c(s) = 3*s + 15. Give c(-7).
-6
Let v(p) = -p + 4. Give v(11).
-7
Let w(a) = a**3 + 14*a**2 - 13*a - 185. Calculate w(-14).
-3
Let l(m) = m**3 + 4*m**2 - 14*m + 1. Calculate l(-6).
13
Let n(y) = -2*y**3 + 47*y**2 + 75*y - 4. Calculate n(25).
-4
Let v(t) = -23*t + 169. Give v(8).
-15
Let y(v) = v**2 - 21*v + 23. What is y(20)?
3
Let l(o) = 12*o - 1. Give l(1).
11
Let g(h) = h - 19. What is g(-13)?
-32
Let r(f) = -10*f - 82. Give r(-5).
-32
Let c(s) = -s**2 + 13*s + 6. Determine c(11).
28
Let g(m) = m**3 - 2*m**2 - m + 1. Calculate g(1).
-1
Let r(x) = 28*x**2 - 4*x - 5. What is r(-1)?
27
Let r(z) = -2*z**3 - 26*z**2 + 26*z - 46. What is r(-14)?
-18
Let g(u) = u**3 - 7*u**2 + u - 10. What is g(7)?
-3
Let y(b) = 2*b**3 - 4*b**2 - 13*b + 17. Determine y(5).
102
Let l(a) = -3*a + 5. Calculate l(-7).
26
Let t(l) = 2*l**3 + 25*l**2 + 14*l + 21. What is t(-12)?
-3
Let c(y) = -38*y**2 - 3*y - 1. Give c(-1).
-36
Let a(r) = r**3 - 12*r**2 + 18*r - 36. What is a(11)?
41
Let o(b) = -2*b**3 - 12*b**2 + 3*b + 9. Give o(-5).
-56
Let c(m) = -2*m**2 + m + 178. Determine c(-9).
7
Let p(b) = 3*b**2 + 36*b - 256. Calculate p(5).
-1
Let g(s) = -s**3 - 35*s**2 - 37*s - 100. Give g(-34).
2
Let z(g) = 6*g**3 - 13*g**2 + g - 2. Calculate z(2).
-4
Let o(d) = 9*d**3 + 3*d**2 - 2. What is o(-2)?
-62
Let d(s) = -2*s**3 - 2*s**2 - 2*s - 1. Give d(-1).
1
Let v(y) = -y**3 - 8*y**2 + 2*y - 48. What is v(-9)?
15
Let j(a) = -20*a + 290. Calculate j(15).
-10
Let q(x) = x**3 - 32*x**2 + 87*x + 11. Give q(29).
11
Let h(s) = -s**3 - 4*s**2 + 23*s + 11. Determine h(-7).
-3
Let s(g) = g**2 - 13*g + 23. Give s(10).
-7
Let m(k) = -4*k**2 + 3*k + 9. Give m(-4).
-67
Let u(t) = t**3 + 5*t**2 + 5*t + 2. Give u(-4).
-2
Let i(x) = x**3 - 18*x**2 + 46*x + 1. Calculate i(4).
-39
Let j(v) = -v**2 + 9*v - 1. What is j(8)?
7
Let s(q) = q**2 + 14*q - 66. Determine s(5).
29
Let r(k) = k - 22. Determine r(10).
-12
Let c(j) = 28*j - 8. Calculate c(5).
132
Let o(p) = -5*p**2 + 12*p - 7. Determine o(3).
-16
Let h(i) = 43*i + 1209. Determine h(-28).
5
Let s(d) = 5*d**3 - d**2 - 2*d + 3. Determine s(-2).
-37
Let q(d) = -d**3 + 20*d**2 - 18*d - 21. Determine q(19).
-2
Let x(p) = 3*p - 20. Give x(14).
22
Let z(m) = -23*m - 22. Give z(1).
-45
Let d(x) = 10*x - 5. What is d(-3)?
-35
Let k(d) = 9*d - 357. Determine k(40).
3
Let b(a) = 34*a - 1358. Give b(40).
2
Let r(o) = 2*o**2 + o + 3. What is r(-1)?
4
Let j(x) = -4*x**2 + 52*x - 81. What is j(11)?
7
Let n(h) = -10*h**2 + 6*h - 5. What is n(3)?
-77
Let l(s) = -3*s**3 + s - 2. What is l(1)?
-4
Let j(a) = -a**3 + 20*a**2 + 17*a + 92. Calculate j(21).
8
Let v(g) = g**3 - 6*g**2 + 9. Determine v(4).
-23
Let y(u) = -4*u**3 - u**2 + u - 2. Calculate y(1).
-6
Let l(a) = -a**3 - 6*a**2 - a - 6. Determine l(-6).
0
Let w(v) = v**3 + 8*v**2 - 9*v - 13. Calculate w(-9).
-13
Let v(m) = -m**3 + 7*m**2 - 6*m - 5. Determine v(6).
-5
Let q(s) = -s**2 - 11*s + 79. Give q(5).
-1
Let z(q) = -8*q + 18. Give z(3).
-6
Let x(y) = -y**2 - y + 32. Calculate x(-6).
2
Let o(i) = i**2 - 14*i + 9. Calculate o(14).
9
Let c(a) = a**3 - 19*a**2 - 39*a - 53. Calculate c(21).
10
Let y(m) = 2*m + 15. Calculate y(-4).
7
Let u(g) = -10*g**3 + 2*g**2 - g + 1. What is u(1)?
-8
Let h(q) = -q**2 + 22*q + 69. Calculate h(-3).
-6
Let q(j) = 37*j**2 - 3*j + 1. Give q(-1).
41
Let s(v) = -10*v - 2. Determine s(2).
-22
Let c(l) = 5*l + 94. What is c(-15)?
19
Let x(j) = -j**3 + 9*j**2 + 10*j + 17. Calculate x(10).
17
Let w(f) = -f**3 + 27*f**2 - 5. Give w(27).
-5
Let c(y) = -6*y + 12. Determine c(8).
-36
Let b(z) = 3*z - 51. What is b(17)?
0
Let b(v) = v**3 + 7*v**2 - 13*v - 6. Determine b(-8).
34
Let t(y) = -y**3 + 3*y**2 + 1. What is t(0)?
1
Let o(q) = -2*q - 34. Calculate o(-14).
-6
Let i(m) = m + 4. Give i(1).
5
Let p(w) = w**2 + 6*w - 1. What is p(-5)?
-6
Let x(o) = -6*o**2 + 12*o - 18. Calculate x(6).
-162
Let n(u) = -u**3 - 2*u + 42. What is n(0)?
42
Let w(q) = -q**3 - 16*q**2 + 36*q - 5. What is w(-18)?
-5
Let o(h) = -2*h**2 - h + 4. What is o(4)?
-32
Let z(r) = -6*r + 70. Give z(11).
4
Let n(f) = f**2 + 3*f - 3. Determine n(-4).
1
Let c(p) = -p + 26. Give c(21).
5
Let k(s) = -5*s**2 + 34*s - 1. What is k(9)?
-100
Let q(p) = -14*p + 220. Determine q(17).
-18
Let a(k) = -k**2 - 13*k - 15. Determine a(-11).
7
Let i(r) = r**2 - 2*r - 139. Calculate i(-11).
4
Let k(h) = -6*h**3 - 2*h**2 - 6*h + 9. What is k(2)?
-59
Let n(f) = 5*f**3 + 8*f**2 - f + 1. Give n(-2).
-5
Let p(w) = -4*w**2 - 18*w + 4. Give p(-5).
-6
Let i(r) = 8*r - 92. Calculate i(11).
-4
Let r(l) = l**3 - 13*l**2 + 28*l - 58. Calculate r(11).
8
Let r(c) = -c**3 - 6*c**2 + 9*c - 3. Calculate r(-7).
-17
Let s(h) = 3*h - 1. Calculate s(-2).
-7
Let r(l) = 4*l - 24. Determine r(9).
12
Let t(n) = -n**3 + 5*n**2 + 23*n + 3. What is t(8)?
-5
Let r(s) = s**3 - 11*s**2 + s - 5. Give r(11).
6
Let c(x) = -x**2 - 22*x - 91. Determine c(-17).
-6
Let h(f) = -f**2 + 30*f + 1069. Give h(51).
-2
Let p(v) = v**3 + v**2 - 1. What is p(1)?
1
Let b(m) = m**2 + 26*m - 71. Determine b(-29).
16
Let j(t) = 25*t**3 - 5*t**2 + 2*t. Give j(1).
22
Let u(w) = -4*w**3 - 16*w**2 - w - 1. What is u(-4)?
3
Let a(k) = -k**2 + 20*k - 77. Determine a(14).
7
Let t(r) = -18*r + 6. What is t(-4)?
78
Let k(x) = x**3 + 11*x**2 - 13*x - 13. Give k(-12).
-1
Let q(h) = -2*h - 7. Give q(9).
-25
Let x(i) = 2*i + 25. Give x(-14).
-3
Let o(x) = -x**3 + 26*x**2 + 27*x - 7. What is o(27)?
-7
Let w(k) = -k**3 - 14*k**2 - 14*k - 14. What is w(-13)?
-1
Let b(m) = -m**3 - 4*m**2 + m + 1. What is b(-3)?
-11
Let b(n) = -n + 1. Determine b(1).
0
Let k(u) = u**2 + 9*u - 4. What is k(-9)?
-4
Let d(s) = -s**3 + 4*s**2 - 5*s - 2. Determine d(4).
-22
Let t(h) = -h**3 - 11*h**2 - 5*h - 13. Calculate t(-11).
42
Let c(o) = o**3 - 4*o**2 - 12*o - 2. Determine c(6).
-2
Let y(i) = 45*i - 138. Determine y(3).
-3
Let o(t) = -t**2 - 7*t - 7. What is o(-5)?
3
Let f(y) = y - 2. Give f(3).
1
Let i(j) = j + 18. Determine i(-14).
4
Let g(w) = -w**2 + 21*w - 46. Determine g(9).
62
Let f(x) = -3*x**2 - 108*x + 2. Calculate f(-36).
2
Let r(w) = -w**3 + 10*w**2 + 7*w + 6. What is r(11)?
-38
Let d(g) = g**2 - 25*g + 23. Determine d(23).
-23
Let g(p) = 4*p**2 + 3*p - 8. Calculate g(-3).
19
Let l(z) = z**2 + 10*z - 24. What is l(-12)?
0
Let n(r) = -36*r - 202. Calculate n(-5).
-22
Let c(v) = 8*v + 14. Give c(-2).
-2
Let a(g) = 2*g**2 - 12*g - 14. What is a(7)?
0
Let g(w) = w**3 - 19*w**2 - 22*w + 22. Give g(20).
-18
Let a(u) = -u**2 + 5*u - 2. Determine a(5).
-2
Let p(c) = 7*c + 9. Calculate p(1).
16
Let x(z) = 2*z**3 - 34*z**2 + 30*z + 35. Give x(16).
3
Let w(d) = -d**3 + 3*d**2 + 2*d - 6. Give w(0).
-6
Let w(i) = -2*i**3 - 15*i**2 - 7*i + 4. Give w(-7).
4
Let d(w) = -9*w + 28. Calculate d(-6).
82
Let j(g) = 3*g + 41. What is j(-15)?
-4
Let q(v) = v**2 - 7*v - 8. Determine q(9).
10
Let t(s) = -s**2 - 23*s - 16. Determine t(-22).
6
Let p(x) = -185*x - 742. Calculate p(-4).
-2
Let i(c) = c**2 - 6*c - 23. Give i(17).
164
Let n(i) = -32*i + 25. Calculate n(7).
-199
Let r(y) = y - 2. Determine r(4).
2
Let m(j) = -4*j**2 + 1. Determine m(1).
-3
Let d(z) = -z**3 - 22*z**2 + 48*z + 1. Give d(-24).
1
Let b(r) = 3*r - 11. Calculate b(9).
16
Let k(p) = -3*p + 2. Determine k(2).
-4
Let p(r) = -3*r - 6. What is p(6)?
-24
Let o(p) = p**3 + 14*p**2 + 14*p + 14. Determine o(-13).
1
Let d(f) = -f**3 + 7*f**2 - f - 13. Calculate d(6).
17
Let g(y) = -y**3 - 7*y**2 - 4*y + 14. Determine g(-6).
2
Let s(x) = -2*x**2 - 23*x - 7. Calculate s(-4).
53
Let j(l) = -3*l**2 - 8*l + 5. Determine j(-4).
-11
Let h(s) = 5*s**2 - 1. What is h(2)?
19
Let u(f) = -f**3 - 7*f**2 + 43*f + 10. What is u(4)?
6
Let v(h) = -h**3 + 6*h**2 + 4*h - 13. Give v(6).
11
Let b(o) = -o**3 - 6*o**2 - 14*o - 52. Determine b(-6).
32
Let m(d) = 2*d**2 + 21*d - 108. Determine m(4).
8
Let r(g) = g**3 + 12*g**2 + 10*g - 17. Calculate r(-11).
-6
Let k(u) = -u**2 - 2*u + 20. Determine k(3).
5
Let y(b) = -b**3 + 15*b**2 - 14*b + 2. Determine y(14).
2
Let q(x) = -x - 9. What is q(7)?
-16
Let g(u) = -111*u**3 + 3*u**2 - u - 1. Calculate g(1).
-110
Let s(h) = -9*h - 51. Determine s(-7).
12
Let w(g) = -g**3 + 5*g**2 - 7*g - 1. Determine w(5).
-36
Let w(j) = -j**3 - 10*j**2 - 19*j - 14. Give 